ded by 38?
36
Suppose -3*b = b - 24. Let m(v) be the second derivative of -v**4/12 + 2*v**3 - 3*v**2/2 - 608*v. Calculate the remainder when 97 is divided by m(b).
31
Let l(h) be the first derivative of 3*h**2/2 + 5*h + 16. Let v be l(9). Suppose -4*q + 4 = -v. What is the remainder when 60 is divided by q?
6
Let h = 2168 - 2117. What is the remainder when 1427 is divided by h?
50
Suppose -16*k - 24 - 24 = 0. Calculate the remainder when 62 is divided by k + 12 + (-1 - -8).
14
Suppose -g + 4*g + 286 = 2*h, 8 = 2*g. Suppose -d = -5*w + 134, -16278*w = -16274*w - d - 109. Calculate the remainder when h is divided by w.
24
Suppose -294 + 294 = -4*x, 4*v + 4*x = 1412. Calculate the remainder when 2120 is divided by v.
2
Let c(y) = -y**3 + 33*y**2 + 30*y + 148. What is the remainder when 2673 is divided by c(34)?
9
Let c = -618 + 420. Let k = -197 - c. What is the remainder when (-2)/(-9) - 16/(-9) is divided by k?
0
Let r(y) be the third derivative of 3*y**4/8 + y**3/3 + 2*y**2. Let h = 6038 + -5985. Calculate the remainder when h is divided by r(2).
13
Suppose -5*q + 3159 + 1725 = 6*q. What is the remainder when q is divided by 133?
45
Suppose -261*y + 8934 = 2931. Calculate the remainder when (182/(-8))/(3/(-12)) is divided by y.
22
Suppose -5383*g - 5544 = -5407*g. What is the remainder when 235 is divided by g?
4
Let v be 2/7 + (-19)/(-7). Let j = 29 - 22. Suppose v*f - j*f = -196. Calculate the remainder when f is divided by 10.
9
Suppose 2*n - 72 = -3*z, 2*z + 60 = 3*n - 22. Let r = n - 11. Let t = 40 - r. What is the remainder when 80 is divided by t?
17
Let x(a) = -45*a + 238. Let l(u) = -7*u + 4. Suppose 0 = 10*z - 12*z - 28. What is the remainder when l(z) is divided by x(5)?
11
Let h(c) = 2*c + 28. Let v be h(-15). Let t be (-2)/v*-15*1. What is the remainder when 21 is divided by (6/t)/(1/(-20))?
5
Let s be (-3)/12 + (-710)/8. Let b = 148 + -209. Let i = b - s. What is the remainder when i is divided by 16?
12
Let w = -8491 + 8877. What is the remainder when 2316 is divided by w?
0
Calculate the remainder when (27/15)/(3/260) is divided by 114.
42
Suppose -3*y + 10482 = -b, -7*b = -5*y - 5*b + 17473. What is the remainder when y is divided by 206?
195
Let o be (16180/60)/((-1)/3*-1). Suppose -20 = 5*f, 0*f - f - o = -5*x. What is the remainder when x is divided by 41?
38
Suppose -3*o - 3*w + 3173 + 2374 = 0, 5*o - 5*w - 9195 = 0. What is the remainder when o is divided by 912?
20
Suppose -1046 = 44*h - 176*h + 4630. Calculate the remainder when 683 is divided by h.
38
Suppose 5044 = 23*c - 453. Suppose 0 = -398*t + 397*t + c. Calculate the remainder when t is divided by 40.
39
Let w be ((-876)/(-28) - -3) + (-12)/42. Let s be -25 + (-6)/(-3) + -2. Let d = w + s. Calculate the remainder when 51 is divided by d.
6
Let c = 6 + 33. Let w be ((-30)/4)/(7/126). Let x = w - -208. What is the remainder when x is divided by c?
34
Let b(j) = -j + 43. Let q be b(34). Suppose 0*n + q = 3*n. Calculate the remainder when 19 is divided by n.
1
Let u = -486 - -772. Let t = -7 + 13. Calculate the remainder when 18 is divided by (u/(-39))/((-4)/t).
7
Let x(n) = -6*n**2 + 14 + n**2 + 3*n**2 + 12*n. Let w be (117/(-26))/(6/(-8)). Calculate the remainder when x(w) is divided by 5.
4
Let i be (-1)/((1 - -3)/(-64)). Let d = -26 + i. What is the remainder when 53 is divided by (-155)/d - -3 - 1/(-2)?
15
Suppose 43*a = -19*a + 212 + 2764. What is the remainder when 104 is divided by a?
8
Suppose 38*i = 84*i - 8418. What is the remainder when i is divided by 100?
83
Suppose m + 5 = 0, 3*w + 5*m - 131 = -w. Let p = 4 - 3. Let i = 14 + p. Calculate the remainder when w is divided by i.
9
Suppose 0 = 26*q - 29*q + 4*h + 59, 5*q - 5*h - 100 = 0. What is the remainder when 38 is divided by q?
17
Let j(w) = 6*w**3 + 24*w**2 - 3*w - 4. Suppose -63*g + 12*g = -2397. Calculate the remainder when g is divided by j(-4).
7
Let v(y) = -y - 5. Let o be v(2). Let p(z) = 57*z**2 - z. Calculate the remainder when p(1) is divided by (15/(-7))/(o/49).
11
Let o = -74 + 80. Suppose o*g - 35 + 11 = 0. Suppose -40 = g*j - 8*j. What is the remainder when 29 is divided by j?
9
Let n be (240/(-50))/(6/(-40)). Suppose -9*c = 166 + n. Let z = 4 - c. What is the remainder when z is divided by 16?
10
Let f = 3429 - 3273. Calculate the remainder when 1242 is divided by f.
150
Let m = 87 + -16. Suppose -405*w + 395*w = 550. Let n = m + w. What is the remainder when 44 is divided by n?
12
Let z(k) = -k + 3. Let q be z(-9). Suppose -112 = -4*b + 4*s, -5*s = -3*b - b + 114. What is the remainder when (-8)/q*-1*(-441)/(-6) is divided by b?
23
Suppose -4*w = m - 5*m + 1600, 797 = 2*m - w. Suppose 0 = -p + 5*a + 67, -4*p + 232 = -79*a + 77*a. Calculate the remainder when m is divided by p.
55
Let m(a) = -8*a**3 - 4*a**2 - 358*a - 3326. Calculate the remainder when m(-9) is divided by 1796.
16
Calculate the remainder when 151 is divided by (-3 - (-228)/18)*3.
6
Suppose 0*s - 2*u - 426 = -5*s, -84 = -s + u. What is the remainder when 432 is divided by s?
2
Suppose 2*c - 3 = -j, -2*j + 4*c - 15 = -5*j. Suppose 2*a + 1113 = j*a. Calculate the remainder when a is divided by 47.
18
Suppose 26*b = 31*b + 4*f - 128, 2*b + 3*f - 47 = 0. Suppose 3*w = -2*d + 53, 23*w + 47 = 2*d + b*w. Calculate the remainder when 119 is divided by d.
26
Suppose -56*l + 56828 + 30443 + 21425 = 0. Calculate the remainder when l is divided by 54.
51
Suppose -2*j + 10 = -4*x, -2*x - 26 = -4*j - 0*x. Let z(o) = 49 - 75 + 40 - o. Calculate the remainder when z(-20) is divided by j.
6
Suppose 0 = 13965*f - 13946*f - 4199. What is the remainder when 5742 is divided by f?
217
Let y = -27382 + 27404. Calculate the remainder when 11745 is divided by y.
19
Suppose 15 = 2*u - 27. Let n = 5 + 2. Calculate the remainder when u is divided by n.
0
Let o = 1226 - 1277. Let j(m) = -m**3 - 3*m**2 + 2*m. Let u be j(-6). Let g = o + u. What is the remainder when g is divided by 12?
9
Let j(b) = b**3 + 49*b**2 + 524*b - 342. What is the remainder when j(-32) is divided by (12/10)/((-2)/(-100))?
58
Let n be (12/(-18))/((-16)/3720). Suppose 0 = 5*o - 2*i - n, 5*o - 4*i - 105 = 40. Let m = -9 - -16. What is the remainder when o is divided by m?
5
Let h be ((2928/(-20))/3)/(6/(-15)). Let y = -74 + h. What is the remainder when 93 is divided by y?
45
Suppose 7*y + 2 = 8*y. Let z(o) = 19*o - 29. Calculate the remainder when 11 is divided by z(y).
2
Suppose 4*k - 10 = 3*k. Suppose -3*y - k = -s + 6, s + y = 16. What is the remainder when s is divided by ((-4784)/(-65))/8 + (-12)/(-15)?
6
Let c be ((-40)/(-30) - (5 - 1))*-555. Suppose -c = -19*d - 18*d. What is the remainder when 46 is divided by d?
6
Let y = 4750 + 2123. What is the remainder when y is divided by 14?
13
Let w be 1/(1 - 96/93). Let x = w - -33. Calculate the remainder when 104 is divided by 24*x*9/24.
14
Let q(a) = -2*a**2 - 45*a - 6. Let f be q(-21). Suppose -3*i = -f + 6. What is the remainder when 50 is divided by i?
16
Calculate the remainder when 41960/252 - (-14)/(-63) - (-10)/(-35) is divided by 163.
3
What is the remainder when 237 is divided by ((-176)/(-14) - -2)*28/8*1?
33
Suppose -3673*x - 20562 = -3696*x. What is the remainder when x is divided by 165?
69
Suppose -3*x - 47 = -5*d + 25, -3*x = -2*d + 36. Suppose 10*v - d = 7*v. What is the remainder when v is divided by 2?
0
Let n be (-54)/((7 - 5)*-1). Suppose 2*z - 8 = 3*q, q - 3*q = 3*z + n. Calculate the remainder when 35 is divided by q/48 + (-338)/(-16).
14
Let w = -10651 - -10784. Calculate the remainder when 288 is divided by w.
22
Let w be (19 + -5)/(2/48). Suppose 13*m + w = -m. Calculate the remainder when 2 - m/(-9) - 2510/(-30) is divided by 17.
15
Suppose 2*p + j = 535, -8*p = -5*p - 4*j - 797. Let o = -170 + p. What is the remainder when o is divided by 20?
17
Let a be (-160)/(-28) + (-6)/(-21). Let c be a/1*495/27. Suppose 2*v - c = -3*r, 2*r + 165 = 3*v - r. What is the remainder when v is divided by 14?
13
Suppose 119 = 517*n - 500*n. What is the remainder when 470 is divided by n?
1
Let u be 73 - (-5 + 1 + 1). Suppose -u = -2*m + 16. Calculate the remainder when m is divided by (-273)/(17 - 30) - -3.
22
Suppose 0 = 5*o - 4*l + 32, -4*o - 28 = 4*l - 8*l. Let a be -2*(25/10 + 2/o). What is the remainder w